{"id":223,"date":"2018-03-02T08:59:06","date_gmt":"2018-03-02T07:59:06","guid":{"rendered":"http:\/\/forneboda.se\/?page_id=223"},"modified":"2018-06-08T18:37:06","modified_gmt":"2018-06-08T16:37:06","slug":"historia8","status":"publish","type":"page","link":"https:\/\/forneboda.se\/?page_id=223","title":{"rendered":"historia8"},"content":{"rendered":"<p><a href=\"https:\/\/forneboda.se\/?page_id=211\"><img loading=\"lazy\" decoding=\"async\" src=\"https:\/\/forneboda.se\/wp-content\/uploads\/2018\/02\/pil2.gif\" alt=\"\" width=\"27\" height=\"31\" \/><\/a><\/p>\n<h2>Historia<\/h2>\n<h3>Dansbanetiden<\/h3>\n<p>\u00c5r 1924 bytte Forneboda \u00e4gare igen. Sven Estenberg s\u00e5lde nu Forneboda till lantbrukare Ernst Svensson, Tulseboda, och kronoj\u00e4gare Nils Nor\u00e9n, Vilshult.<br \/>\n1910 startade fru Anna Bohlin kaf\u00e9 och bageri i gamla mejerilokalen i Tulseboda, mitt emot kyrkog\u00e5rden. Fru Bohlin var f\u00f6dd i Brandstorp, Skaraborgs l\u00e4n, 1865 och bodde senare i Opp-manna. D\u00e4r blev hon 1908 \u00e4nka med 11 flickor.<\/p>\n<p>Anna Bohlin \u00f6verl\u00e4t 1924 r\u00f6relsen till dottern Melin med make Ernst Johnsson. Redan 1921 eller 1922 hyrde fru Bohlin Forneboda. 1922 hade hon l\u00e5tit uppf\u00f6ra en stor dansbana.<br \/>\nF\u00f6rst var det en \u00f6ppen bana som bara anv\u00e4ndes under sommarhalv\u00e5ret. Efter ett tag byggdes den om till en paviljong med tak och v\u00e4ggar s\u00e5 att den gick att anv\u00e4nda \u00e4ven vintertid. Det var l\u00f6stagbara f\u00f6nsterb\u00e5gar som man tog bort under\u00a0l\u00f6stagbara f\u00f6nsterb\u00e5gar som man tog bort under sommartid.\u00a0I maj 1927 k\u00f6pte fru Bohlin Forneboda.<\/p>\n<p>Den f\u00f6rste ordningsvakten vid dansbanan var Gustav Strand \u00e5r 1922. Enligt uppgift var det dans p\u00e5 l\u00f6rdagskv\u00e4llarna mellan kl 20-24 under fru Bohlins tid. P\u00e5 somrarna anordnades ibland festligheter p\u00e5 s\u00f6ndagseftermiddagar, och d\u00e5 bj\u00f6ds p\u00e5 musikunderh\u00e5llning. Det kunde ocks\u00e5 vara skjutbana, tombolor, fiskdamm och annat trevligt.<\/p>\n<p><strong>M\u00c5NGA ORKESTRAR P\u00c5 FORNEBODA<\/strong><br \/>\n1929 hade Forneboda f\u00e5tt nya \u00e4gare.<br \/>\nAlfred och Hulda Gustavsson tog \u00f6ver dansbane-r\u00f6relsen efter fru Bohlin som i november 1928 flyttade till Finja.<\/p>\n<figure id=\"attachment_225\" aria-describedby=\"caption-attachment-225\" style=\"width: 160px\" class=\"wp-caption alignleft\"><img loading=\"lazy\" decoding=\"async\" src=\"wp-content\/uploads\/2018\/03\/Jean-Lundh.jpg\" alt=\"\" width=\"160\" height=\"239\" \/><figcaption id=\"caption-attachment-225\" class=\"wp-caption-text\">Jean Lundh var en skicklig musiker.<\/figcaption><\/figure>\n<p>Redan i januari 1929 fick Gustavssons sitt tillst\u00e5nd. Alfred Gu-stavsson \u00e4gde Forne-boda 1929-1943. Deras dotter Signe, f\u00f6dd 1909, gifte sig 1927 med en milit\u00e4r-musiker som hette Johan Lundh.<\/p>\n<p>Han kallade sig allm\u00e4nt f\u00f6r Jean Lundh och var f\u00f6dd i Nosaby 1903. Under Gustavssons tid var det huvudsakligen Jean Lundhs trio som svarade f\u00f6r dansmusiken. Jean var s\u00e4rskilt duktig p\u00e5 bleckinstrument, men han hanterade \u00e4ven andra instrument som t ex fiol. Tenorbasun var hans specialitet. Hustrun Signe spelade piano. Alfred Gustavsson sj\u00e4lv spelade trummor. Bland musiker i orkestern i \u00f6vrigt kan n\u00e4mnas br\u00f6derna Str\u00f6berg fr\u00e5n\u00a0Ebbem\u00e5la.<\/p>\n<figure id=\"attachment_226\" aria-describedby=\"caption-attachment-226\" style=\"width: 400px\" class=\"wp-caption aligncenter\"><img loading=\"lazy\" decoding=\"async\" src=\"https:\/\/forneboda.se\/wp-content\/uploads\/2018\/03\/dansbanan.jpg\" alt=\"\" width=\"400\" height=\"270\" \/><figcaption id=\"caption-attachment-226\" class=\"wp-caption-text\">Dansbanan med kaffestugan i bakgrunden.<\/figcaption><\/figure>\n<p>Uno Str\u00f6berg spelade trumpet, Gunnar och Tage Str\u00f6berg dragspel eller bl\u00e5sinstrument samt Konrad Str\u00f6berg tenorsaxofon.<\/p>\n<p><a href=\"https:\/\/forneboda.se\/?page_id=232\"><img loading=\"lazy\" decoding=\"async\" src=\"https:\/\/forneboda.se\/wp-content\/uploads\/2018\/02\/pil.gif\" alt=\"\" width=\"26\" height=\"31\" \/><\/a><\/p>\n<p><a href=\"https:\/\/forneboda.se\/?page_id=211\"><img loading=\"lazy\" decoding=\"async\" src=\"https:\/\/forneboda.se\/wp-content\/uploads\/2018\/02\/pil2.gif\" alt=\"\" width=\"27\" height=\"31\" \/><\/a><a href=\"https:\/\/forneboda.se\/?page_id=232\"><img loading=\"lazy\" decoding=\"async\" src=\"https:\/\/forneboda.se\/wp-content\/uploads\/2018\/02\/pil.gif\" alt=\"\" width=\"26\" height=\"31\" \/><\/a><\/p>\n","protected":false},"excerpt":{"rendered":"<p>Historia Dansbanetiden \u00c5r 1924 bytte Forneboda \u00e4gare igen. Sven Estenberg s\u00e5lde nu Forneboda till lantbrukare Ernst Svensson, Tulseboda, och kronoj\u00e4gare Nils Nor\u00e9n, Vilshult. 1910 startade fru Anna Bohlin kaf\u00e9 och bageri i gamla mejerilokalen i Tulseboda, mitt emot kyrkog\u00e5rden. Fru Bohlin var f\u00f6dd i Brandstorp, Skaraborgs l\u00e4n, 1865 och bodde senare i Opp-manna. D\u00e4r blev hon 1908 \u00e4nka med 11 flickor. Anna Bohlin \u00f6verl\u00e4t 1924 r\u00f6relsen till dottern Melin med make Ernst Johnsson. Redan 1921 eller 1922 hyrde fru Bohlin Forneboda. 1922 hade hon l\u00e5tit uppf\u00f6ra en stor dansbana. F\u00f6rst var det en \u00f6ppen bana som bara anv\u00e4ndes under sommarhalv\u00e5ret. Efter ett tag byggdes den om till en paviljong med tak och v\u00e4ggar s\u00e5 att den gick att anv\u00e4nda \u00e4ven vintertid. Det var l\u00f6stagbara f\u00f6nsterb\u00e5gar som man tog bort under\u00a0l\u00f6stagbara f\u00f6nsterb\u00e5gar som man tog bort under sommartid.\u00a0I maj 1927 k\u00f6pte fru Bohlin Forneboda. Den f\u00f6rste ordningsvakten vid dansbanan var Gustav Strand \u00e5r 1922. Enligt uppgift var det dans p\u00e5 l\u00f6rdagskv\u00e4llarna mellan kl 20-24 under fru Bohlins tid. P\u00e5 somrarna anordnades ibland festligheter p\u00e5 s\u00f6ndagseftermiddagar, och d\u00e5 bj\u00f6ds p\u00e5 musikunderh\u00e5llning. Det kunde ocks\u00e5 vara skjutbana, tombolor, fiskdamm och annat trevligt. M\u00c5NGA ORKESTRAR P\u00c5 FORNEBODA 1929 hade Forneboda f\u00e5tt nya \u00e4gare. Alfred och Hulda Gustavsson tog \u00f6ver dansbane-r\u00f6relsen efter fru Bohlin som i november 1928 flyttade till Finja. Redan i januari 1929 fick Gustavssons sitt tillst\u00e5nd. Alfred Gu-stavsson \u00e4gde Forne-boda 1929-1943. Deras dotter Signe, f\u00f6dd 1909, gifte sig 1927 med en milit\u00e4r-musiker som hette Johan Lundh. Han kallade sig allm\u00e4nt f\u00f6r Jean Lundh och var f\u00f6dd i Nosaby 1903. Under Gustavssons tid var det huvudsakligen Jean Lundhs trio som svarade f\u00f6r dansmusiken. Jean var s\u00e4rskilt duktig p\u00e5 bleckinstrument, men han hanterade \u00e4ven andra instrument som t ex fiol. Tenorbasun var hans specialitet. Hustrun Signe spelade piano. Alfred Gustavsson sj\u00e4lv spelade trummor. Bland musiker i orkestern i \u00f6vrigt kan n\u00e4mnas br\u00f6derna Str\u00f6berg fr\u00e5n\u00a0Ebbem\u00e5la. Uno Str\u00f6berg spelade trumpet, Gunnar och Tage Str\u00f6berg dragspel eller bl\u00e5sinstrument samt Konrad Str\u00f6berg tenorsaxofon.<\/p>\n","protected":false},"author":1,"featured_media":0,"parent":0,"menu_order":0,"comment_status":"closed","ping_status":"closed","template":"","meta":{"footnotes":""},"class_list":["post-223","page","type-page","status-publish","hentry"],"_links":{"self":[{"href":"https:\/\/forneboda.se\/index.php?rest_route=\/wp\/v2\/pages\/223","targetHints":{"allow":["GET"]}}],"collection":[{"href":"https:\/\/forneboda.se\/index.php?rest_route=\/wp\/v2\/pages"}],"about":[{"href":"https:\/\/forneboda.se\/index.php?rest_route=\/wp\/v2\/types\/page"}],"author":[{"embeddable":true,"href":"https:\/\/forneboda.se\/index.php?rest_route=\/wp\/v2\/users\/1"}],"replies":[{"embeddable":true,"href":"https:\/\/forneboda.se\/index.php?rest_route=%2Fwp%2Fv2%2Fcomments&post=223"}],"version-history":[{"count":6,"href":"https:\/\/forneboda.se\/index.php?rest_route=\/wp\/v2\/pages\/223\/revisions"}],"predecessor-version":[{"id":431,"href":"https:\/\/forneboda.se\/index.php?rest_route=\/wp\/v2\/pages\/223\/revisions\/431"}],"wp:attachment":[{"href":"https:\/\/forneboda.se\/index.php?rest_route=%2Fwp%2Fv2%2Fmedia&parent=223"}],"curies":[{"name":"wp","href":"https:\/\/api.w.org\/{rel}","templated":true}]}}