{"id":243,"date":"2018-03-02T09:40:31","date_gmt":"2018-03-02T08:40:31","guid":{"rendered":"http:\/\/forneboda.se\/?page_id=243"},"modified":"2018-06-08T18:40:12","modified_gmt":"2018-06-08T16:40:12","slug":"historia10","status":"publish","type":"page","link":"https:\/\/forneboda.se\/?page_id=243","title":{"rendered":"historia10"},"content":{"rendered":"<p><a href=\"https:\/\/forneboda.se\/?page_id=232\"><img loading=\"lazy\" decoding=\"async\" src=\"https:\/\/forneboda.se\/wp-content\/uploads\/2018\/02\/pil2.gif\" alt=\"\" width=\"27\" height=\"31\" \/><\/a><\/p>\n<p>Bland dem som hj\u00e4lpte till med serveringen b\u00f6r i f\u00f6rsta hand n\u00e4mnas Augusta Levin. Gustavssons dotter Gunvor sk\u00f6tte f\u00f6rs\u00e4ljningen av frukt, chok-lad, karameller m m.<\/p>\n<p>De stora danskv\u00e4llarna under \u00e5ret var annandag p\u00e5sk, midsommarafton och ny\u00e5rsafton. P\u00e5 vissa av de stora kyrkliga helgdagarna r\u00e5dde allm\u00e4nt n\u00f6jes-f\u00f6rbud i hela landet. Det g\u00e4llde fr\u00e4mst juldagen. L\u00e5ngfredagen och p\u00e5skdagen. Midsommaraftons kv\u00e4ll s\u00f6kte sig \u00e4ven m\u00e5nga \u00e4ldre till Forneboda dansbana. \u00c5tminstone i slutet av 1930-talet kostade intr\u00e4det en krona f\u00f6r herrar och 75 \u00f6re f\u00f6r damer.<\/p>\n<p>Forneboda var ett v\u00e4lk\u00e4nt begrepp bland traktens ungdomar. Man kunde cykla l\u00e5nga str\u00e4ckor p\u00e5 l\u00f6rdagskv\u00e4llarna f\u00f6r att f\u00e5 dansa p\u00e5 Forneboda. Det ber\u00e4ttas bl a att ungdomar ibland tog t\u00e5get fr\u00e5n Karlshamn till Hovmansbygd. D\u00e4r kunde man sedan l\u00e5na cykel och forts\u00e4tta sin f\u00e4rd.<br \/>\nEn person har ber\u00e4ttat att det fanns stora cykelst\u00e4ll av tr\u00e4 inom dansbaneomr\u00e5det. De som var r\u00e4dda om sin cykel och inte v\u00e5gade st\u00e4lla den ute i ter-r\u00e4ngen, kunde betala 25 \u00f6re f\u00f6r att parkera cykeln i cykelst\u00e4llet.<\/p>\n<p><strong>ALLA GILLADE INTE DANSBANAN<\/strong><br \/>\nP\u00e5 1930-talet n\u00e4r det fanns gott om n\u00f6dhj\u00e4lps-arbetare i trakten, s\u00f6kte sig \u00e4ven de g\u00e4rna till Forneboda. Det kunde d\u00e5 bli br\u00e5k om flickornas gunst. N\u00e4mnas kan att det i den gamla ladug\u00e5rdsbyggnaden inreddes en cell d\u00e4r st\u00f6kiga dansbanebes\u00f6k-are kunde l\u00e5sas in.<\/p>\n<p>Det var emellertid inte alla kyrkhultsbor som gillade att Forneboda hade blivit ett \u201cdansn\u00e4ste\u201d. En del personer i bygden talade om \u201cdansbane-el\u00e4ndet p\u00e5 Forneboda\u201d. Helge Simonsson, som p\u00e5 1930-talet var ung och stridbar pr\u00e4st i Kyrkhult, f\u00f6rmanade bland annat sina konfirmander med eftertryck att inte g\u00e5 till Forneboda. Simonsson gick sj\u00e4lv dit ibland och kontrollerade s\u00e5 att de inte h\u00f6ll till d\u00e4r. En g\u00e5ng uttalade han i en predikan i kyrkan f\u00f6lj-ande ord som blivit n\u00e4stan bevingade: \u201cI Fornebodasj\u00f6n speglar sig b\u00e5de Guds och satans tempel\u201d.<br \/>\nAlfred Gustavsson drev dansbanan till slutet av 1941.<\/p>\n<p><strong>SISTA DANSEN H\u00d6STEN 1943<\/strong><br \/>\nAlfred Gustavsson hyrde ut Forneboda till Erik Jeppsson, Olofstr\u00f6m, \u00e5r 1942-1943. Erik f\u00f6rs\u00f6kte med olika dragpl\u00e5ster att driva dansbanan vidare<\/p>\n<p>Bland annat skaffade han s\u00e5 kallade skrattspeglar som bes\u00f6karna kunde roa sig med. Erik Jeppsson fick dock ge upp redan efter ett \u00e5r. Ungef\u00e4r vid p\u00e5sk 1943 anordnades den sista offentliga danstill-st\u00e4llningen.<br \/>\n\u00c4nnu en g\u00e5ng \u00e5terkom dock Jean Lundh och spelade vid Forneboda dansbana. Det var i sam-band med Nykterhetsorganisationen Verdandis (NOV: s) 10-\u00e5rsjubileum, som h\u00f6lls p\u00e5 Forneboda en s\u00f6ndagseftermiddag i mitten av november 1943. Till sin hj\u00e4lp hade Jean Lundh andra milit\u00e4r-musiker fr\u00e5n Karlskrona.<\/p>\n<p>Detta var absolut sista g\u00e5ngen det dansades p\u00e5 Forneboda dansbana. NOV hade sina m\u00f6ten och festligheter p\u00e5 Forneboda de f\u00f6rsta \u00e5ren efter bildandet 1933. En g\u00e5ng i mitten av 1930-talet ordnade NOV en dansafton som kallades \u201cEn natt i Argentina\u201d. Det blev en bes\u00f6ks-succ\u00e9 med n\u00e4rmare 300 betalande deltagare.<\/p>\n<p>Danspaviljongen p\u00e5 Forneboda stod kvar till h\u00f6s-ten 1947. D\u00e5 revs den, och virket anv\u00e4ndes vid uppf\u00f6randet av Ungdomsg\u00e5rden &#8211; Folkets hus i Kyrkhult samma \u00e5r.<\/p>\n<p><a href=\"https:\/\/forneboda.se\/?page_id=246\"><img loading=\"lazy\" decoding=\"async\" src=\"https:\/\/forneboda.se\/wp-content\/uploads\/2018\/02\/pil.gif\" alt=\"\" width=\"26\" height=\"31\" \/><\/a><\/p>\n<p><a href=\"https:\/\/forneboda.se\/?page_id=232\"><img loading=\"lazy\" decoding=\"async\" src=\"https:\/\/forneboda.se\/wp-content\/uploads\/2018\/02\/pil2.gif\" alt=\"\" width=\"27\" height=\"31\" \/><\/a><a href=\"https:\/\/forneboda.se\/?page_id=246\"><img loading=\"lazy\" decoding=\"async\" src=\"https:\/\/forneboda.se\/wp-content\/uploads\/2018\/02\/pil.gif\" alt=\"\" width=\"26\" height=\"31\" \/><\/a><\/p>\n","protected":false},"excerpt":{"rendered":"<p>Bland dem som hj\u00e4lpte till med serveringen b\u00f6r i f\u00f6rsta hand n\u00e4mnas Augusta Levin. Gustavssons dotter Gunvor sk\u00f6tte f\u00f6rs\u00e4ljningen av frukt, chok-lad, karameller m m. De stora danskv\u00e4llarna under \u00e5ret var annandag p\u00e5sk, midsommarafton och ny\u00e5rsafton. P\u00e5 vissa av de stora kyrkliga helgdagarna r\u00e5dde allm\u00e4nt n\u00f6jes-f\u00f6rbud i hela landet. Det g\u00e4llde fr\u00e4mst juldagen. L\u00e5ngfredagen och p\u00e5skdagen. Midsommaraftons kv\u00e4ll s\u00f6kte sig \u00e4ven m\u00e5nga \u00e4ldre till Forneboda dansbana. \u00c5tminstone i slutet av 1930-talet kostade intr\u00e4det en krona f\u00f6r herrar och 75 \u00f6re f\u00f6r damer. Forneboda var ett v\u00e4lk\u00e4nt begrepp bland traktens ungdomar. Man kunde cykla l\u00e5nga str\u00e4ckor p\u00e5 l\u00f6rdagskv\u00e4llarna f\u00f6r att f\u00e5 dansa p\u00e5 Forneboda. Det ber\u00e4ttas bl a att ungdomar ibland tog t\u00e5get fr\u00e5n Karlshamn till Hovmansbygd. D\u00e4r kunde man sedan l\u00e5na cykel och forts\u00e4tta sin f\u00e4rd. En person har ber\u00e4ttat att det fanns stora cykelst\u00e4ll av tr\u00e4 inom dansbaneomr\u00e5det. De som var r\u00e4dda om sin cykel och inte v\u00e5gade st\u00e4lla den ute i ter-r\u00e4ngen, kunde betala 25 \u00f6re f\u00f6r att parkera cykeln i cykelst\u00e4llet. ALLA GILLADE INTE DANSBANAN P\u00e5 1930-talet n\u00e4r det fanns gott om n\u00f6dhj\u00e4lps-arbetare i trakten, s\u00f6kte sig \u00e4ven de g\u00e4rna till Forneboda. Det kunde d\u00e5 bli br\u00e5k om flickornas gunst. N\u00e4mnas kan att det i den gamla ladug\u00e5rdsbyggnaden inreddes en cell d\u00e4r st\u00f6kiga dansbanebes\u00f6k-are kunde l\u00e5sas in. Det var emellertid inte alla kyrkhultsbor som gillade att Forneboda hade blivit ett \u201cdansn\u00e4ste\u201d. En del personer i bygden talade om \u201cdansbane-el\u00e4ndet p\u00e5 Forneboda\u201d. Helge Simonsson, som p\u00e5 1930-talet var ung och stridbar pr\u00e4st i Kyrkhult, f\u00f6rmanade bland annat sina konfirmander med eftertryck att inte g\u00e5 till Forneboda. Simonsson gick sj\u00e4lv dit ibland och kontrollerade s\u00e5 att de inte h\u00f6ll till d\u00e4r. En g\u00e5ng uttalade han i en predikan i kyrkan f\u00f6lj-ande ord som blivit n\u00e4stan bevingade: \u201cI Fornebodasj\u00f6n speglar sig b\u00e5de Guds och satans tempel\u201d. Alfred Gustavsson drev dansbanan till slutet av 1941. SISTA DANSEN H\u00d6STEN 1943 Alfred Gustavsson hyrde ut Forneboda till Erik Jeppsson, Olofstr\u00f6m, \u00e5r 1942-1943. Erik f\u00f6rs\u00f6kte med olika dragpl\u00e5ster att driva dansbanan vidare Bland annat skaffade han s\u00e5 kallade skrattspeglar som bes\u00f6karna kunde roa sig med. Erik Jeppsson fick dock ge upp redan efter ett \u00e5r. Ungef\u00e4r vid p\u00e5sk 1943 anordnades den sista offentliga danstill-st\u00e4llningen. \u00c4nnu en g\u00e5ng \u00e5terkom dock Jean Lundh och spelade vid Forneboda dansbana. Det var i sam-band med Nykterhetsorganisationen Verdandis (NOV: s) 10-\u00e5rsjubileum, som h\u00f6lls p\u00e5 Forneboda en s\u00f6ndagseftermiddag i mitten av november 1943. Till sin hj\u00e4lp hade Jean Lundh andra milit\u00e4r-musiker fr\u00e5n Karlskrona. Detta var absolut sista g\u00e5ngen det dansades p\u00e5 Forneboda dansbana. NOV hade sina m\u00f6ten och festligheter p\u00e5 Forneboda de f\u00f6rsta \u00e5ren efter bildandet 1933. En g\u00e5ng i mitten av 1930-talet ordnade NOV en dansafton som kallades \u201cEn natt i Argentina\u201d. Det blev en bes\u00f6ks-succ\u00e9 med n\u00e4rmare 300 betalande deltagare. Danspaviljongen p\u00e5 Forneboda stod kvar till h\u00f6s-ten 1947. D\u00e5 revs den, och virket anv\u00e4ndes vid uppf\u00f6randet av Ungdomsg\u00e5rden &#8211; Folkets hus i Kyrkhult samma \u00e5r.<\/p>\n","protected":false},"author":1,"featured_media":0,"parent":0,"menu_order":0,"comment_status":"closed","ping_status":"closed","template":"","meta":{"footnotes":""},"class_list":["post-243","page","type-page","status-publish","hentry"],"_links":{"self":[{"href":"https:\/\/forneboda.se\/index.php?rest_route=\/wp\/v2\/pages\/243","targetHints":{"allow":["GET"]}}],"collection":[{"href":"https:\/\/forneboda.se\/index.php?rest_route=\/wp\/v2\/pages"}],"about":[{"href":"https:\/\/forneboda.se\/index.php?rest_route=\/wp\/v2\/types\/page"}],"author":[{"embeddable":true,"href":"https:\/\/forneboda.se\/index.php?rest_route=\/wp\/v2\/users\/1"}],"replies":[{"embeddable":true,"href":"https:\/\/forneboda.se\/index.php?rest_route=%2Fwp%2Fv2%2Fcomments&post=243"}],"version-history":[{"count":6,"href":"https:\/\/forneboda.se\/index.php?rest_route=\/wp\/v2\/pages\/243\/revisions"}],"predecessor-version":[{"id":433,"href":"https:\/\/forneboda.se\/index.php?rest_route=\/wp\/v2\/pages\/243\/revisions\/433"}],"wp:attachment":[{"href":"https:\/\/forneboda.se\/index.php?rest_route=%2Fwp%2Fv2%2Fmedia&parent=243"}],"curies":[{"name":"wp","href":"https:\/\/api.w.org\/{rel}","templated":true}]}}