{"id":284,"date":"2018-03-02T11:37:38","date_gmt":"2018-03-02T10:37:38","guid":{"rendered":"http:\/\/forneboda.se\/?page_id=284"},"modified":"2018-06-08T16:39:47","modified_gmt":"2018-06-08T14:39:47","slug":"familjen-eldh","status":"publish","type":"page","link":"https:\/\/forneboda.se\/?page_id=284","title":{"rendered":"Familjen Eldh"},"content":{"rendered":"<h2>Familjen Eldh<\/h2>\n<h3>Carl Eldh<\/h3>\n<p>Carl Johan Eldh f\u00f6ddes i maj 1873 i det lilla gruv-samh\u00e4llet S\u00f6derskogen i Norra Uppland. Familjen levde under knappa om-st\u00e4ndigheter, men genom faderns yrke som smed hade Eldh tidigt klart f\u00f6r sig vilken bana han sj\u00e4lv skulle ta.<\/p>\n<p><img loading=\"lazy\" decoding=\"async\" src=\"https:\/\/forneboda.se\/wp-content\/uploads\/2018\/03\/carl.jpg\" alt=\"\" width=\"133\" height=\"154\" \/><\/p>\n<p>N\u00e4r han vid 19 \u00e5rs \u00e5lder p\u00e5b\u00f6rjade sin utbildning vid Tekniska skolan i Stockholm, hade han redan flera \u00e5rs arbete som ornamentbild-huggare bakom sig. M\u00e5let var dock att f\u00e5 en skulpt\u00f6rutbildning i Paris. 1897 hade Eldh samlat ihop de pengar som gjorde resan m\u00f6jlig.<br \/>\nCarl Eldhs produktion fr\u00e5n tiden i Paris \u00e4r pr\u00e4glad av det eleganta formspr\u00e5k som utm\u00e4rkte det r\u00e5dande franska idealet.<\/p>\n<p>Han gjorde en rad dekora-tiva verk av slanka, av-kl\u00e4dda kvinnor med symbol-laddade titlar som\u00a0<i>Ariadne och Daggk\u00e5pa<\/i>. Parallellt med dessa skapa-de Eldh ocks\u00e5 skulpturer med starkt socialt patos.<br \/>\nI skulpturerna\u00a0<i>Vid nattasylen\u00a0<\/i>och\u00a0<i>Fr\u00e5n gatan<\/i>gestaltade han kvinnor fr\u00e5n samh\u00e4llets l\u00e4gre skikt. Studierna vid Acad\u00e9mie Colarossi och inspira-tionen fr\u00e5n andra skulpt\u00f6rer som verkade i Paris (framf\u00f6r allt den banbrytande Auguste Rodin) formade den unge Eldh till en m\u00e5ngsidig konstn\u00e4r med stort tekniskt kunnande och en egen stil.<\/p>\n<p>Vid v\u00e4rldsutst\u00e4llningen 1900 fick hans skulptur\u00a0<i>Inno-cence<\/i>\u00a0(den oskuldsfulla) ett hedersomn\u00e4mn-ande av den franska staten och bara tv\u00e5 \u00e5r senare, 1902, vann han guldmedalj p\u00e5 Salongen med sina tv\u00e5 verk\u00a0<i>Modersorg\u00a0<\/i>och\u00a0<i>Linnea.<\/i><br \/>\nHan \u00e5terv\u00e4nde till Sverige 1904, viss om att ha uppn\u00e5tt den position som gjorde det m\u00f6jligt att f\u00f6rs\u00f6rja sig som skulpt\u00f6r.<\/p>\n<p>Paristiden markerade startpunkten f\u00f6r Carl Eldhs liv som sj\u00e4lvst\u00e4ndig konstn\u00e4r, men den var ocks\u00e5 avg\u00f6rande f\u00f6r hans plats i det svenska konstlivet. Han valdes in i Konstn\u00e4rsf\u00f6rbundet, vilket innebar viktiga sociala band till tongivande konstn\u00e4rer. Kung Oscar II l\u00e4t best\u00e4lla en portr\u00e4ttbyst, som blev den f\u00f6rsta i en l\u00e5ng rad offentliga portr\u00e4tt av Eldhs hand.<\/p>\n<p><img loading=\"lazy\" decoding=\"async\" src=\"https:\/\/forneboda.se\/wp-content\/uploads\/2018\/03\/buste.jpg\" alt=\"\" width=\"158\" height=\"186\" \/> Det franska arvet syns tydligt i de verk Carl Eldh skapade \u00e5ren efter hemkomsten till Sverige, i synnerhet intrycken av Rodin. S\u00e4rskilt g\u00e4ller detta Eldhs portr\u00e4tt av f\u00f6rfattaren August Strindberg, en byst som \u00e4r gjord i \u00f6vernaturlig storlek och med den oregelbundna yta som k\u00e4nnetecknar impressionistisk skulptur.<\/p>\n<p>Eldh skapade med denna byst en bild av f\u00f6rfattaren som kom att leva vidare i m\u00e5nga andra konstn\u00e4rers Strindbergsportr\u00e4tt. Essensen &#8211; om \u00e4n i mer stiliserad form &#8211; \u00e5terfinns i hans stora monument \u00f6ver August Strindberg, Titanen (1942), i Tegn\u00e9rlunden i Stock-holm.<\/p>\n<p>Under 1910-talet etablerade sig Carl Eldh som en ofta anlitad portr\u00e4tt\u00f6r och engagerades dessutom f\u00f6r ett antal st\u00f6rre monument. 1911 skapade han ett av sina mest popul\u00e4ra verk, den \u00f6msinta skulpturgruppen\u00a0<i>Ungdom,<\/i>som idag st\u00e5r att finna p\u00e5 en rad orter \u00f6ver hela landet.<br \/>\nMer imposant \u00e4r Str\u00f6mkarlen, ett j\u00e4ttelikt huvud i granit, som f\u00e4rdigst\u00e4lldes f\u00f6r regleringsdammen i Trollh\u00e4ttan 1912<\/p>\n<p><a href=\"https:\/\/forneboda.se\/?page_id=301\"><img loading=\"lazy\" decoding=\"async\" src=\"https:\/\/forneboda.se\/wp-content\/uploads\/2018\/02\/pil.gif\" alt=\"\" width=\"26\" height=\"31\" \/><\/a><\/p>\n<p><a href=\"https:\/\/forneboda.se\/?page_id=301\"><img loading=\"lazy\" decoding=\"async\" src=\"https:\/\/forneboda.se\/wp-content\/uploads\/2018\/02\/pil.gif\" alt=\"\" width=\"26\" height=\"31\" \/><\/a><\/p>\n","protected":false},"excerpt":{"rendered":"<p>Familjen Eldh Carl Eldh Carl Johan Eldh f\u00f6ddes i maj 1873 i det lilla gruv-samh\u00e4llet S\u00f6derskogen i Norra Uppland. Familjen levde under knappa om-st\u00e4ndigheter, men genom faderns yrke som smed hade Eldh tidigt klart f\u00f6r sig vilken bana han sj\u00e4lv skulle ta. N\u00e4r han vid 19 \u00e5rs \u00e5lder p\u00e5b\u00f6rjade sin utbildning vid Tekniska skolan i Stockholm, hade han redan flera \u00e5rs arbete som ornamentbild-huggare bakom sig. M\u00e5let var dock att f\u00e5 en skulpt\u00f6rutbildning i Paris. 1897 hade Eldh samlat ihop de pengar som gjorde resan m\u00f6jlig. Carl Eldhs produktion fr\u00e5n tiden i Paris \u00e4r pr\u00e4glad av det eleganta formspr\u00e5k som utm\u00e4rkte det r\u00e5dande franska idealet. Han gjorde en rad dekora-tiva verk av slanka, av-kl\u00e4dda kvinnor med symbol-laddade titlar som\u00a0Ariadne och Daggk\u00e5pa. Parallellt med dessa skapa-de Eldh ocks\u00e5 skulpturer med starkt socialt patos. I skulpturerna\u00a0Vid nattasylen\u00a0och\u00a0Fr\u00e5n gatangestaltade han kvinnor fr\u00e5n samh\u00e4llets l\u00e4gre skikt. Studierna vid Acad\u00e9mie Colarossi och inspira-tionen fr\u00e5n andra skulpt\u00f6rer som verkade i Paris (framf\u00f6r allt den banbrytande Auguste Rodin) formade den unge Eldh till en m\u00e5ngsidig konstn\u00e4r med stort tekniskt kunnande och en egen stil. Vid v\u00e4rldsutst\u00e4llningen 1900 fick hans skulptur\u00a0Inno-cence\u00a0(den oskuldsfulla) ett hedersomn\u00e4mn-ande av den franska staten och bara tv\u00e5 \u00e5r senare, 1902, vann han guldmedalj p\u00e5 Salongen med sina tv\u00e5 verk\u00a0Modersorg\u00a0och\u00a0Linnea. Han \u00e5terv\u00e4nde till Sverige 1904, viss om att ha uppn\u00e5tt den position som gjorde det m\u00f6jligt att f\u00f6rs\u00f6rja sig som skulpt\u00f6r. Paristiden markerade startpunkten f\u00f6r Carl Eldhs liv som sj\u00e4lvst\u00e4ndig konstn\u00e4r, men den var ocks\u00e5 avg\u00f6rande f\u00f6r hans plats i det svenska konstlivet. Han valdes in i Konstn\u00e4rsf\u00f6rbundet, vilket innebar viktiga sociala band till tongivande konstn\u00e4rer. Kung Oscar II l\u00e4t best\u00e4lla en portr\u00e4ttbyst, som blev den f\u00f6rsta i en l\u00e5ng rad offentliga portr\u00e4tt av Eldhs hand. Det franska arvet syns tydligt i de verk Carl Eldh skapade \u00e5ren efter hemkomsten till Sverige, i synnerhet intrycken av Rodin. S\u00e4rskilt g\u00e4ller detta Eldhs portr\u00e4tt av f\u00f6rfattaren August Strindberg, en byst som \u00e4r gjord i \u00f6vernaturlig storlek och med den oregelbundna yta som k\u00e4nnetecknar impressionistisk skulptur. Eldh skapade med denna byst en bild av f\u00f6rfattaren som kom att leva vidare i m\u00e5nga andra konstn\u00e4rers Strindbergsportr\u00e4tt. Essensen &#8211; om \u00e4n i mer stiliserad form &#8211; \u00e5terfinns i hans stora monument \u00f6ver August Strindberg, Titanen (1942), i Tegn\u00e9rlunden i Stock-holm. Under 1910-talet etablerade sig Carl Eldh som en ofta anlitad portr\u00e4tt\u00f6r och engagerades dessutom f\u00f6r ett antal st\u00f6rre monument. 1911 skapade han ett av sina mest popul\u00e4ra verk, den \u00f6msinta skulpturgruppen\u00a0Ungdom,som idag st\u00e5r att finna p\u00e5 en rad orter \u00f6ver hela landet. Mer imposant \u00e4r Str\u00f6mkarlen, ett j\u00e4ttelikt huvud i granit, som f\u00e4rdigst\u00e4lldes f\u00f6r regleringsdammen i Trollh\u00e4ttan 1912<\/p>\n","protected":false},"author":1,"featured_media":0,"parent":0,"menu_order":0,"comment_status":"closed","ping_status":"closed","template":"","meta":{"footnotes":""},"class_list":["post-284","page","type-page","status-publish","hentry"],"_links":{"self":[{"href":"https:\/\/forneboda.se\/index.php?rest_route=\/wp\/v2\/pages\/284","targetHints":{"allow":["GET"]}}],"collection":[{"href":"https:\/\/forneboda.se\/index.php?rest_route=\/wp\/v2\/pages"}],"about":[{"href":"https:\/\/forneboda.se\/index.php?rest_route=\/wp\/v2\/types\/page"}],"author":[{"embeddable":true,"href":"https:\/\/forneboda.se\/index.php?rest_route=\/wp\/v2\/users\/1"}],"replies":[{"embeddable":true,"href":"https:\/\/forneboda.se\/index.php?rest_route=%2Fwp%2Fv2%2Fcomments&post=284"}],"version-history":[{"count":5,"href":"https:\/\/forneboda.se\/index.php?rest_route=\/wp\/v2\/pages\/284\/revisions"}],"predecessor-version":[{"id":386,"href":"https:\/\/forneboda.se\/index.php?rest_route=\/wp\/v2\/pages\/284\/revisions\/386"}],"wp:attachment":[{"href":"https:\/\/forneboda.se\/index.php?rest_route=%2Fwp%2Fv2%2Fmedia&parent=284"}],"curies":[{"name":"wp","href":"https:\/\/api.w.org\/{rel}","templated":true}]}}